t g be (6/(1 + -3))/(-1). Calculate k(g).
8
Let i(l) = -2 + 58*l**3 - l - 28*l**3 - 31*l**3. What is i(2)?
-12
Let l(o) = 2*o**3 - 2*o**2 - o - 1. Let q(p) = 5*p**3 + 4*p**2 + 1 - 6*p**3 - 3*p**2. Let g = 12 - 17. Let j(i) = g*q(i) - 3*l(i). Give j(3).
-11
Let v(t) = t**3 - 6*t**2 - 6*t - 9. Let g(c) = 2*c**2 - c - 3. Let b be g(-2). Determine v(b).
-2
Let j = 12 + -5. Let w(d) = j*d**2 - 5*d**2 - 2 + 1 - 4*d. Calculate w(3).
5
Let b = 3 + -2. Let i(n) = 9*n + 4. Let g(u) = 5*u + 2. Let c(a) = 11*g(a) - 6*i(a). Determine c(b).
-1
Suppose 0*c = c + 2, 0 = n + 3*c + 2. Let g(i) be the second derivative of -i**4/12 + 7*i**3/6 - 3*i**2 + i. Determine g(n).
6
Let z(h) = -h - 11. Let p(g) = g - 1. Let k(d) = 2*p(d) + z(d). Calculate k(0).
-13
Suppose 0 = -5*t + t + 12. Suppose -t*a + 15 = -6. Suppose a = -3*u - 2. Let v(n) = -3*n - 4. Give v(u).
5
Let n(o) = o - 4. Let b(s) = -2 - 6 + 4 + s + 0. Let w be b(4). Give n(w).
-4
Let m = 6 + -9. Let b = 1 - m. Let d(n) = -n**2 + 2*n - 1. What is d(b)?
-9
Let m(p) = -p - 3. Let j be m(-5). Suppose -2*b + 2*r = r - 2, -b - j*r + 11 = 0. Let l(t) = -1 + 2*t**2 + b*t**3 + t**3 + 0. What is l(-1)?
-3
Let x(d) = -53*d**2 + 2*d + 2 - 8 + 54*d**2. What is x(-5)?
9
Let s(x) = -10*x**3 - 11*x**2 - 5*x + 7. Let l(f) = -2*f + 3. Let g be l(5). Let z(i) = 3*i**3 + 4*i**2 + 2*i - 2. Let p(w) = g*z(w) - 2*s(w). Determine p(-5).
-5
Let y(f) = 4*f - 5 - 2*f - f + 6*f. Let i(a) = -15*a + 9. Let t(x) = -4*i(x) - 7*y(x). Suppose 0*m + 5 = 5*m. Determine t(m).
10
Let y(o) = 2 + 0 + o - 2*o. Suppose 2*b - 4*b - 40 = -3*w, 0 = 5*b + 10. Suppose 0 = d + 2*d - w. What is y(d)?
-2
Suppose 2*x - 3*v - 20 = 2*v, -2*v - 8 = -3*x. Let l(g) = -g**3 + g - 4. Calculate l(x).
-4
Let s(p) = -p - 4. Let t = 4 - 6. Let u be t - (-1 + 0 + 2). Calculate s(u).
-1
Let m be (-3)/7 - 120/(-35). Suppose 6*t = 3*t + m. Let g(i) = 6*i**2 + i. Give g(t).
7
Let w(a) be the first derivative of a**3 - a**2/2 + 15. What is w(1)?
2
Let x(u) = u**2 - 10*u + 1. Let p = 85 + -75. What is x(p)?
1
Suppose 6*u = -37 + 7. Let s(m) = m**2 + 6*m + 2. What is s(u)?
-3
Let x(u) = 2 + 7*u + 3 + 1 + 1 + u**2. Determine x(-5).
-3
Let g(z) = -z**3 + 5*z**2 + 3*z - 2. Suppose -4*u + 13 = 2*f - 5*u, 5*f + u = 15. Determine g(f).
26
Let r(j) = j - 3. Let y be ((-252)/54)/(2/3). Determine r(y).
-10
Let b(u) = -u. Let t(r) = r**2 - 4*r - 2. Let h(l) = -4*b(l) + t(l). Determine h(0).
-2
Let g(d) = d. Let r(n) = n**2 + 4*n - 5. Let v(f) = 2*g(f) - r(f). Suppose 4*j = q + 3*q + 36, 4*q - 3*j = -32. Give v(q).
-10
Suppose -p + c + 4 = -0*p, -c = 4*p - 26. Let b(h) = -h**2 - h + 3 - p + 0 - h**3. Give b(0).
-3
Let w(f) = 1 - 3*f**2 - 1 + 1 - 2*f**3 + 3*f**3. Calculate w(2).
-3
Let m(y) = -2 + y**2 + 0*y + 2*y - 2*y - 3*y. Let o(b) = b. Let k be o(3). Let p(j) = j**2 - 4*j - 3. Let f(i) = k*p(i) - 4*m(i). Calculate f(2).
-5
Suppose 0 = -2*o - 36 + 6. Let j = o - -12. Let h(x) = -x**3 - 5*x**2 - 3*x - 1. Give h(j).
-10
Let j(o) be the second derivative of 3*o**4/2 - o**3/6 + o**2/2 + 16*o. Determine j(1).
18
Let b(g) be the first derivative of 1/2*g**2 - 5*g - 3. Give b(4).
-1
Let x(j) = -j**2 + 6*j - 5. Let m be x(4). Suppose 0 = -m*v - 2*v + 20. Let i(d) = -2 - 2*d - v*d + 5*d. Determine i(0).
-2
Suppose -6*s = -s + 25. Let v(h) = 3*h**2 + 6*h + 6. Let t(a) = a**2 + 1. Let o(i) = -2*t(i) + v(i). Give o(s).
-1
Let d(c) = -c**3 - 6*c**2 - 2*c - 5. Let a be -10 - -2 - (1 + -4). Calculate d(a).
-20
Let b(j) be the first derivative of -2 + 4/3*j**3 + 2*j**2 - 1/4*j**4 - 3*j. Let z be (-20)/6*(-6)/4. What is b(z)?
-8
Let n(j) be the first derivative of j**3/3 - j**2/2 - 5*j + 14. What is n(4)?
7
Let p(t) = -t**3 + 5*t**2 + 9*t - 8. Let l be 6*-3*-3*2/18. What is p(l)?
10
Let z be ((-6)/(-5))/((-2)/(-10)). Let i(c) be the first derivative of c**4/4 - 5*c**3/3 - 7*c**2/2 + c - 4. Give i(z).
-5
Let p be 27/18 - (-81)/6. Let m be (p/6)/(4/8). Let z(v) = -3*v - 10. Let t(f) = -4*f - 10. Let x(k) = -4*t(k) + 5*z(k). Calculate x(m).
-5
Let l(r) = -13*r**2 - 2*r - 1. Let v be (54/(-12))/(1/2). Let p = v - -8. Give l(p).
-12
Let z(g) = -6 + 4 + g + 2*g - g**2. Let f = -85 + 87. What is z(f)?
0
Suppose 6*c - 29 = c - 3*n, -3*n = -2*c - 1. Let d(b) be the second derivative of b**5/20 - 5*b**4/12 + 2*b**3/3 - 3*b**2/2 + 2*b. What is d(c)?
-3
Let s(n) be the second derivative of n**3/2 - n**2 - 2*n. Calculate s(-2).
-8
Let k be 1 + 1 - 1*9. Let v = k - -12. Suppose 0 = -4*i + v*i - 2. Let a(p) = -p**3 + 3*p**2 - 2*p + 3. What is a(i)?
3
Let u(a) = -3*a + 1. Let v be 4/(-3)*(-33)/22. What is u(v)?
-5
Let n be ((-4)/3)/(2/(-3)). Let q(k) = 7 + 0 - k**2 - 6*k + k**n + k**2. Calculate q(5).
2
Let a(h) = h**2 + 7*h + 2. Let o = 8 - -2. Let g be ((-12)/(-10))/(o/(-50)). Calculate a(g).
-4
Let l(b) = 5*b**2 + b**3 - 3*b**2 - 3 + b**2. Let v(f) = -f + 5. Suppose -3*m - 16 = -5*m. Let h be v(m). Determine l(h).
-3
Let i = -3 - -7. Let m be i*(30/(-8))/(-5). Let w(t) = -4*t + m*t**2 - 5 - 4*t**2 + 3 - 4. Give w(-4).
-6
Let m(g) = 4 - g + 0 + 0*g + 0*g. Let b = -3 + 3. Calculate m(b).
4
Let o(j) be the first derivative of -j**2/2 + 10*j + 1. Let s be o(8). Let r be (-2)/s + 1 + -1. Let z(b) = 9*b + 1. What is z(r)?
-8
Let l = -5 - -12. Let g(b) = -b**2 + 7*b + 7. What is g(l)?
7
Let n(a) be the first derivative of 0*a**2 - 1/4*a**4 + 0*a**3 - 1 - 5*a. Suppose b - 4*b = 0. What is n(b)?
-5
Let m(z) = z + 6. Suppose -4*x = -3*r + 12 - 0, 5*r = 4*x + 20. Let p(a) = -a**2 + a + 2. Let n be p(2). Let w = x + n. Calculate m(w).
6
Let b(n) = -n**2 - n + 7. Let p(x) = -x**3 - 7*x**2 - 11*x - 30. Let v be p(-6). Determine b(v).
7
Let i(p) = -5*p + 30. Let f be i(7). Let h(y) = y**2 + 6*y + 5. Give h(f).
0
Let f(y) = -9*y**3 - 19*y**2 - 3*y + 21. Let p(c) = 5*c**3 + 10*c**2 + 2*c - 11. Let z(i) = 4*f(i) + 7*p(i). Give z(-6).
-5
Let b(i) = -i**2 - 3*i**2 + 6*i + 1 + 3*i**2. Let r(u) = 2*u - 15. Let q be r(10). Determine b(q).
6
Let y(q) = -q**3 - 5*q**2 + 7*q + 1. Suppose 3*z - 12 + 30 = 0. Give y(z).
-5
Let a(s) = s**3 + 4*s - 6 - 6*s**2 - 2 + 8 + 3. Give a(5).
-2
Suppose 0 = 5*a + 18 + 7. Let q(u) = -u**3 - 6*u**2 - 4*u + 2. Determine q(a).
-3
Let n(w) be the third derivative of -w**6/120 - w**5/12 + w**4/4 - 4*w**3/3 - 3*w**2. Calculate n(-6).
-8
Let v(y) be the first derivative of -y**4/4 - 2*y**3 - 3*y**2 - 3*y + 1. Let q = 9 + -14. Determine v(q).
2
Let x(o) be the second derivative of -1/4*o**4 + o**2 + 4*o - 1/3*o**3 + 0 + 1/20*o**5. Let c be -1 + (4 - (2 + -2)). What is x(c)?
-4
Let m(b) = b**3 + 5*b**2 + 3*b - 1. Let j be m(-4). Let i(r) = 3*r - 11. Let t = 6 + -1. Let d(z) = -2*z + 7. Let f(l) = t*i(l) + 8*d(l). Calculate f(j).
-2
Suppose -q = -q + 10*q. Let n(y) = -y + 7. What is n(q)?
7
Let m(q) = q**3 - 5*q**2 - 3*q - 8. Let i(s) = 2*s - 8. Let y be i(7). Determine m(y).
10
Let p(o) = -o**2 + o - 6. Let i = -78 + 78. Calculate p(i).
-6
Let a(r) = 8 + 6 + 4*r - 5. Calculate a(-6).
-15
Let j(d) = -2*d + 3. Let n = -24 + 28. Give j(n).
-5
Let n(r) = r**2 - 4 + 0*r**2 - 6*r + 9. Calculate n(4).
-3
Let h(n) = -2*n**2 + 1. Suppose -5*a + 3 = -22. Let j(t) = -3*t**2 + 1. Let l(v) = a*h(v) - 6*j(v). Determine l(1).
7
Let z(a) = -6*a**2 - 5*a - 12. Let t(r) = -7*r**2 - 4*r - 10. Let q(i) = -6*t(i) + 5*z(i). Determine q(-1).
13
Let k = -11 - -8. Let u be -1*(k - -3) + -1. Let l(q) = 6 + 2*q + 2*q**2 - 3 - 2. Give l(u).
1
Let q(j) = -3*j + 7. Let m(y) = y**2 - 7*y - 6. Let v be m(7). Let o(i) = -2*i + 6. Let c(b) = v*q(b) + 7*o(b). What is c(-2)?
-8
Suppose -3*y + 2*c + 2 = 0, c = -2*y + 2*c. Let v(a) = -a**2 - 5*a - 3. What is v(y)?
3
Let d(r) be the second derivative of r**4/12 - 3*r**2/2 + 9*r. Let u(l) = -l**2 - l. Let n be u(-1). Give d(n).
-3
Suppose k - 9 + 1 = 0. Let s(h) = 2*h - 10. What is s(k)?
6
Let n(w) be the third derivative of w**6/120 + w**5/60 - w**4/24 + 5*w**2. Give n(-2).
-2
Let n = 2 - 4. Let m be (1 - 1)/((-2)/n). Let r(t) = -t**2 + 0 + 0 - t**3 + 3 + 3. Give r(m).
6
Let q(u) = u - 18 + u + 7 - u. Let v be q(8). Let g(p) = p**2 + 2*p. What is g(v)?
3
Let i(d) = d + 4. Suppose -3*w = -5*p + 3, -4*p + 5*w + 4 + 1 = 0. Let u(h) = -h**2 - h + 6. Let c be u(p). Suppose 2*r - 12 = c*r. Calculate i(r).
1
Suppose 8 = 4*u + 5*l + 28, -12 = 2*u + 3*l. Suppose 0 = -5*q - u + 10. Let z(s) = -2 + 4*s - 